 w?
7
Suppose 61*s - 4*h + 5303 = 62*s, 4*h + 5279 = s. What is the units digit of s?
1
Let i be 21/14*(-3 - 7). Let f = 56 - i. What is the tens digit of f?
7
Let u(x) = -8*x**2 - 3*x + 9. Let a be u(3). What is the tens digit of a/(-16)*(-872)/(-9)?
3
Suppose 3*o - 5 - 13 = -2*x, -x = -5*o - 9. Suppose x = 2*k + 5. Suppose -2*d + 318 = 2*c, -k*c - c + 483 = -3*d. What is the tens digit of c?
6
Let d be ((-31206)/70*4)/((-6)/20). Suppose -32*p + 2*u + 7882 = -28*p, 3*p + 5*u - d = 0. What is the thousands digit of p?
1
Suppose -o + 15278 = -2*f, 2*f - 6190 = -3*o + 39612. Suppose -14998 - o = -23*h. What is the tens digit of h?
1
Suppose 2 = 2*m - 2*h, 1 = 4*m + 4*h - 11. Suppose 2*y + m*s = -42, s - 2 = 2*y + 40. Let z = y - -52. What is the tens digit of z?
3
Suppose -m + 25 = -5*q, 3*m + 5*q - 6*q = 103. Suppose 811 = m*k - 34*k. What is the hundreds digit of k?
8
Let a(d) = -d**2 - 13*d - 31. Let p be a(-4). Suppose -s - 4*g = -429, -2*s + 7*s - 2195 = p*g. What is the hundreds digit of s?
4
Let n(z) = 0*z + 11 - 12 - 8*z - 17. What is the tens digit of n(-4)?
1
Suppose -22 = -x - 11. Let l be 45 + -18 - (2 + 1). Suppose 1079 = -x*z + l*z. What is the tens digit of z?
8
Let l = -21 - -11. Let o be 4/l + (-7020)/75. What is the units digit of o/(-8) - 4/(-16)?
2
Let g = -3198 - -1613. What is the units digit of (15*(-16)/(-600))/((-1)/g)?
4
Suppose -2*l + 8 = -5*i, 5*l + 12*i - 86 = 8*i. Suppose 0 = l*y - 10*y - 168. What is the units digit of y?
2
Suppose -n + 21 = w, -4*w = 5*n + 33 - 118. What is the units digit of (-620)/(-15) + w/(-15)?
0
Let x = 76988 + -46997. What is the units digit of x?
1
Let r(f) = -8*f - 4. Let h(g) = -g. Let u(w) = 6*h(w) - r(w). Suppose 0 = -5*p + 3 + 2. What is the units digit of u(p)?
6
Suppose 1172*k - 1215*k + 306431 - 73199 = 0. What is the thousands digit of k?
5
Let b(n) = 112*n - 5 + 4 + 17 - 5. What is the tens digit of b(5)?
7
Suppose 0 = -29*f + 50134 + 13840. What is the tens digit of f?
0
Suppose -5*b + 34 = -16. Suppose b*p = -10*p + 12500. What is the units digit of p?
5
Suppose -95*g = -102*g + 51303. Suppose -g - 3874 = -17*h. What is the units digit of h?
9
Let n(p) = 6*p**3 - 41*p**2 + p - 3. Let u be n(7). Let l(q) = q + 1. Let x be l(4). Suppose j = -x + u. What is the units digit of j?
8
Let d = -321 + 321. Suppose -3*y + a - 4*a + 2391 = d, -4*y + a + 3163 = 0. What is the tens digit of y?
9
Suppose 35*n = 56*n - 124887. What is the tens digit of n?
4
Let s be 2/(30/(-9)) - (-1449)/(-35). What is the tens digit of ((-26)/(-4))/(s/(-252))?
3
Let w = 17 - 8. Suppose -w*n + 68 = -4. Suppose 5*i + s - 3*s - 437 = 0, 2*s - n = 0. What is the tens digit of i?
8
Let k(o) = -o**2 - o + 7. Let c be k(3). Let d be (-15)/45*3*c. What is the units digit of d/3 + 0 + 6/(-9)?
1
Suppose -n + 3808 = j, -38*n + 5*j + 15232 = -34*n. What is the hundreds digit of n?
8
Let y = 9663 + -7785. What is the units digit of y?
8
Suppose 0 = -10*h + 18 - 48. Let s(i) = -90*i. What is the hundreds digit of s(h)?
2
Let h(y) = y**3 - 3*y**2 - y + 5. Let p be h(0). Suppose 5*k - 4*k - p = 0. Suppose k*j = 3*u - 238, -4*u - 173 = -5*j - 492. What is the tens digit of u?
8
Let h = 142 - 78. Suppose -2*z + 420 = 2*j, -65*j - 2*z - 420 = -67*j. Suppose -5*b - 3*q = -j, 2*q - h = -3*b + 62. What is the units digit of b?
2
Let c(w) = w**3 + 23*w**2 - 26*w + 25. Let x(v) = -2*v**3 + 10*v**2 - 6*v + 7. Let g be x(5). What is the units digit of c(g)?
3
Let b(o) = -12 - 162*o - 7 + 24. What is the hundreds digit of b(-1)?
1
Suppose -4*i = -h + 2441, -2*i - 4*h = -6*h + 1222. Let s = i - -989. What is the hundreds digit of s?
3
Let c(i) = 5*i + 23. Let d be c(-4). Suppose -5*o + 2*k + 3128 + 2449 = 0, -d*k - 3339 = -3*o. What is the hundreds digit of o?
1
Suppose 5*h - 8 = -g, -5*g + 2*g + 64 = -5*h. What is the hundreds digit of 1*7 - (g + -459)?
4
Suppose 2*i + 4*f = f + 88, 94 = 3*i - 5*f. Suppose -i*p = -29*p - 3087. What is the units digit of p?
3
Let n = -523 - -713. Suppose -n*z + 196*z - 1314 = 0. What is the hundreds digit of z?
2
Suppose -2*s + s - 3 = 4*d, 2*d + 6 = 4*s. Let h be s*(-2)/6*0. Suppose h*k = -6*k + 546. What is the tens digit of k?
9
Suppose -60*i + 611388 = 6*i + 45768. What is the thousands digit of i?
8
Let a(w) = -w**3 + 8*w**2 - 10*w + 9. Let u be a(6). Let c = 1723 + -1690. Let t = c + u. What is the tens digit of t?
5
Let u(x) = -x**3 - 20*x**2 + 21*x - 61. What is the thousands digit of u(-24)?
1
Let b(k) = -9*k - 12. Let n be b(-4). Let x(a) = -a**3 + 22*a**2 + 49*a - 22. Let o be x(n). Suppose o*y - 186 = 154. What is the units digit of y?
0
Suppose 37 - 13 = 4*z. Suppose -5*n = 2*a - 1293, -5*a = -9*n + z*n - 3310. What is the units digit of a?
9
Let m(p) = 11*p + 65. Let z be m(-6). Let a be (-2654)/(-2)*1*z/(-1). Suppose 13*n = 3823 - a. What is the hundreds digit of n?
1
Suppose 30775 = l + 3*o, 16918 = l - o - 13865. What is the ten thousands digit of l?
3
Let b be (21*4/6)/2. Let z(r) = 16*r + 16. What is the units digit of z(b)?
8
Let x(q) be the second derivative of -3*q**3/2 - 145*q**2/2 - 28*q. Let p(w) = 10*w + 145. Let d(z) = -2*p(z) - 3*x(z). What is the tens digit of d(0)?
4
Let d be (-3 - 60/9) + 15/(-45). What is the tens digit of 926 - 23 - d/2?
0
Let b be (-4 + 2170/(-5))/(-2). Let w = 665 - b. What is the tens digit of w?
4
Suppose 0 = x - 9034 + 1073. What is the units digit of x?
1
Suppose 9*o = 107 + 19. Suppose 360 = -o*f + 2642. What is the tens digit of f?
6
Let a(o) = o**2 + 25*o + 3. Let b be 22 + -21 + 1*-14. Let h be a(b). Let z = 284 + h. What is the hundreds digit of z?
1
Let d = -664 + 2012. Let l = -933 + d. What is the hundreds digit of l?
4
Let c(j) = j**3 + 6*j**2 - 33*j. Let z be ((-21)/(-14))/(-3 - (-38)/12). What is the tens digit of c(z)?
1
Let f be 2/(-8)*(-15 - -19)*6. What is the tens digit of (2504/f)/(6/(-9))?
2
Let a = 2949 + 5780. What is the hundreds digit of a?
7
What is the thousands digit of (1485 + -14)/(2/5*(-2)/(-4))?
7
Suppose -24*c + 573 + 363 = 0. What is the tens digit of 6/9 + 2158/c?
5
Let r(z) = z**2 + 45*z + 143. Let n be r(-46). What is the hundreds digit of -5 + (n - (3 + -2))?
1
Let v = -65 + 69. Suppose v*r - 54 = r. What is the units digit of r?
8
Let h = 6564 + -999. What is the tens digit of h?
6
Suppose -4*y - i + 2 = 0, 0*y + 3*y = -5*i + 10. Suppose y = -11*l + 4*l + 2387. What is the tens digit of l?
4
Let p(y) = 2*y**3 - 5*y**2 - 5*y. Let m be p(5). Let q be (-1)/((-1)/((-9)/(-1))). Suppose -q = r - m. What is the units digit of r?
1
Let l = 12 - -2. Let q = l - -2. Suppose -3*w = 2*c - c - q, -5*w - 54 = -2*c. What is the tens digit of c?
2
Let l = -34446 - -54879. What is the ten thousands digit of l?
2
Let z(x) = 67*x + 11. Let l be z(10). Let y = 1151 - l. Let s = y + -321. What is the tens digit of s?
4
What is the thousands digit of 3 - 2 - -1562 - 182/(-52 + 26)?
1
Suppose -130 + 190 + 57 = -p. Let m = 533 - 297. Let d = m + p. What is the units digit of d?
9
Let p(v) = 2*v**3 - 6*v**2 - 6*v - 7. Suppose 19*x + 15*x = 35*x. Suppose 3*z + x*z = 15. What is the units digit of p(z)?
3
Let m(z) = -95*z - 1770. What is the units digit of m(-49)?
5
Let w be (2*(-1926)/24)/((-6)/16). Suppose -w = -3*o - 2*j + 1067, -4*j = -5*o + 2455. What is the hundreds digit of o?
4
Suppose -664*i = -662*i - 37320. What is the ten thousands digit of i?
1
Suppose 3*r - 4*z = 111823, 149060 = 4*r - 57*z + 61*z. What is the hundreds digit of r?
2
Let w = -303 + 306. What is the hundreds digit of 5/w - (-10064)/24?
4
Let w = 24383 - 8083. What is the tens digit of 60/25*w/30?
0
Suppose -6*n + 54 = -0*n. Suppose 2*r = -1 + n. What is the units digit of (-6 - (-8 + r)) + 59?
7
Let b = -89 - -92. Suppose -13*p + 14*p - b = 0. Suppose 815 = 5*l - 6*n + n, 0 = p*l - 5*n - 483. What is the tens digit of l?
6
Let z = -87 + 94. Let p(h) = h**3 - 5*h**2 + 4. Let w be p(z). What is the tens digit of (2 + -1)/(3/w)?
3
Suppose 44 = 17*f + 27. Let v(c) = 1004*c**3 - 2*c**2 - 4*c + 4. What is the hundreds digit of v(f)?
0
Suppose -431*f = 4*h - 433*f - 175170, -5*h + 218964 = -f. What is the ten thousands digit of h?
4
Suppose -67*v + 45*v = -176. Suppose 0*q - 3*q + 6 = 0. What is the units digit of (v/q - 3) + 51?
2
Let g be (3/(-4))/((-6)/168). 